l - 506. What is the hundreds digit of t(-123)?
9
Let t(q) be the second derivative of q**4/12 - q**3/3 - 19*q**2 - 17*q. What is the tens digit of t(19)?
8
Let g(p) = -5*p - 121*p**3 + 12*p**2 - 8*p**2 - 9 - 3*p - 6*p**2. What is the tens digit of g(-2)?
6
Suppose 14*d - 10*d - 51 = -r, 2*r + 4*d = 102. Suppose 0 = 4*f + w + 143, 0*f + f + 35 = -w. Let k = r + f. What is the tens digit of k?
1
Suppose 20*c - 27*c = -210. Suppose 0 = 28*b - c*b + 1216. What is the tens digit of b?
0
Let l(h) = -4*h**2 - 40*h - 15. Suppose a - 6 = -15. Let d(m) = 8*m**2 + 79*m + 31. Let k(n) = a*l(n) - 4*d(n). What is the hundreds digit of k(-15)?
2
Let h(i) = 2*i + 66. Suppose 16 + 29 = 3*l. What is the tens digit of h(l)?
9
Suppose 3*z - 3 = i - 16, 0 = z + 3*i + 1. Let k be z/6*(1 - 44/8). Suppose -m = -5*m + 4*p + 172, -k*m + 2*p + 131 = 0. What is the tens digit of m?
4
Let z(h) = h**3 + h**2 + 2*h - 3. Let i be z(-3). Let q be (-14910)/i - 1/((-27)/(-6)). Suppose 2 = r, -q = -5*c - 2*r + r. What is the units digit of c?
0
Suppose -90*c + 8*c + 1712723 = -178033. What is the hundreds digit of c?
0
Suppose 52 = 3*h + 34. Suppose -4*n + 3*n = 4*t - 12, -2*t + h = -4*n. Suppose -t*c - 58 = -4*c. What is the units digit of c?
8
Suppose 4 = -114*r + 116*r. Suppose r*z - 1610 = -2*v + 456, 5*z - 2*v - 5137 = 0. What is the units digit of z?
9
Let v(d) = 9*d**2 - 14. Let z be -2 + 4 - -2*13. Suppose -4*m - z = 3*m. What is the units digit of v(m)?
0
Suppose -70 = h - 3*k, -5*h - 83 = 3*k + 357. Let v = -77 - h. What is the units digit of ((-819)/(-6))/((-1)/(v/(-6)))?
2
Let j(c) = -5*c - 29. Let i be j(-5). Let g be 13 - i*2/(-8). What is the units digit of -15*(-4)/g*43?
5
Let i(v) = 404*v + 11939. What is the thousands digit of i(-25)?
1
Let i(j) = 76*j + 42. Let t be i(14). Let l = 1887 - t. What is the units digit of l?
1
Let v = 165 - 105. Let k = -52 + v. Suppose k*m + 46 = 10*m. What is the units digit of m?
3
Suppose -21*c + 41980 + 662 = -18*c. What is the hundreds digit of c?
2
Let f = -66 + 71. Suppose f*l + 1129 - 4284 = 0. What is the hundreds digit of l?
6
Let u(b) = 844*b**2 + 9*b - 3. Let i(o) = 845*o**2 + 8*o - 3. Let p(z) = 6*i(z) - 5*u(z). What is the units digit of p(1)?
0
Suppose 0 = -0*x + 2*x - 5*s - 52, 0 = 5*x - 3*s - 168. Let h be (-9 - -1)*(-3 + 4). Let k = h + x. What is the units digit of k?
8
Let o be 250 + 2/5 + (-42)/(-70). Let c = o + -237. What is the units digit of c?
4
What is the ten thousands digit of (-207)/(-63) + (-15)/(-21) + 1 + 11436?
1
Let l = 2150 - 1353. Suppose 5*z - l = 278. What is the hundreds digit of z?
2
What is the thousands digit of 15 - (2 - 6)*10513?
2
Suppose 0 = 13*u - 32*u + 62510. What is the thousands digit of u?
3
Suppose -5*h + 242 + 428 = 0. Let z = -911 + 998. Let n = h - z. What is the units digit of n?
7
Let h(r) = 20*r**2 - 635 - 765 + r**3 - 3*r + 1273. What is the units digit of h(-10)?
3
Let f(r) = 28*r - 48. Let y be f(3). Let i(a) = a**3 - a**2 + 36. Let s be i(0). Suppose t = y + s. What is the tens digit of t?
7
Let s(w) = -25*w + 126. Let p(l) = -23*l + 126. Let g(j) = 6*p(j) - 5*s(j). What is the tens digit of g(-33)?
5
Let z(m) = -68*m**3 + 15*m**2 + 65*m + 573. What is the ten thousands digit of z(-9)?
5
What is the hundreds digit of 1277 - (-8 - (4/2 + -3))?
2
Let j be (9/(-2) + 2/(-12))*3. Let w(p) = -36*p - 162. What is the units digit of w(j)?
2
Suppose -3*a - o - 2*o = -4494, 0 = -4*a + 5*o + 5992. Suppose n - 3*j = a - 470, -3*n + 3*j + 3108 = 0. What is the units digit of n?
0
Let v(g) = g**3 - 9*g**2 + 13*g - 8. Let n be 4*1 + 5 + 4. What is the units digit of v(n)?
7
Suppose 0 = -4*y - 22 + 54. What is the units digit of 0 + y/(-44) - (-15186)/33?
0
What is the thousands digit of (-11 + 16 - 423/(-1))*20?
8
Let z(l) = -l**3 + 13*l**2 + 11*l + 66. Let u be z(14). Suppose -4*g + u = -1144. What is the hundreds digit of g?
2
Let u(k) = 497*k + 777. What is the tens digit of u(4)?
6
Suppose 2*g = 4*g + 4*c + 1572, -5*g = -3*c + 3956. Let t = g + 1122. What is the hundreds digit of t?
3
Let n be 12/(-4) + (6 - 0). Suppose 2*g + 4 = 4*y, 4*y + 2*g = n*g + 8. Suppose -825 = -2*c - 3*c + y*o, -5*o = 5*c - 865. What is the tens digit of c?
6
Let l = -116 + 116. Suppose 7*p - 12*p + 1855 = l. What is the hundreds digit of p?
3
Suppose -142*k + 141*k - 4*w + 8612 = 0, 5*w + 35 = 0. What is the units digit of k?
0
Suppose 1 + 1 = -k. Let d be (-17 - (0 + k))/((-26)/78). What is the units digit of 1143/d + 6/10?
6
Let b = 2370 - -1728. What is the thousands digit of b?
4
Suppose -35*z + 90 = -50*z. What is the thousands digit of z + 15/((-120)/(-9296))?
1
Let r be 0*(5/2)/5. Suppose -5*u = t - r*t + 6, 4*t = u - 66. What is the hundreds digit of (-40)/(2 - (-36)/t)?
1
Let d(a) be the second derivative of -a**3/3 - 6*a**2 - 14*a. Let o be d(-9). What is the tens digit of ((-37)/4)/(o/(-48))?
7
Let z(s) = 2*s**3 - s**2 - 3*s + 1. Let i be z(2). Suppose i*f - 2*f = -35. Let p = f - -93. What is the tens digit of p?
8
Suppose -2*s + 51 = 3*n, -21*n + 20*n - 5*s + 4 = 0. Suppose n*g - 838 = -p + 23*g, 3*g - 2529 = -3*p. What is the tens digit of p?
4
Let u = -761 + 789. Let p(t) = t + 31. What is the tens digit of p(u)?
5
Suppose 74*o + 16633 = 544510 + 124433. What is the tens digit of o?
1
Let w(z) = 39*z + 7. Let c(m) = -77*m - 15. Let t(b) = -2*c(b) - 5*w(b). Suppose 0 = 3*j + 17 - 5, 0 = -4*n - 4*j - 32. What is the hundreds digit of t(n)?
1
Let g = 234 - 243. Let k(l) = -89*l - 79. What is the tens digit of k(g)?
2
Let w(n) = n**3 + 36*n**2 - 61*n - 30. What is the thousands digit of w(-31)?
6
Let m(a) be the first derivative of 21*a**4/2 + 2*a**3/3 - 3*a**2/2 + 9*a + 47. Let v be m(2). Let s = -132 + v. What is the tens digit of s?
1
Suppose 5*c - 42 = -2*l, -3*c - 63 = -3*l - 2*c. Suppose 0 = 5*d - l + 26. What is the units digit of d + -3 - (-276)/12?
9
Let o be 1*((3 - 6) + 13). Suppose 0 = 4*g - 14 - o. Suppose -g*h + 4*h = -78. What is the tens digit of h?
3
Let y(p) = -6*p - 24. Let k be y(-4). Let h = 1 + -1. Suppose l + k*l - 11 = h. What is the units digit of l?
1
Let j = -396 - -403. What is the hundreds digit of (-536 - 0)*(j - 9)?
0
Suppose -14 = f + 5*d - 46, 3*f - d = 144. Suppose 3*b = -9, -t + b - 6*b = -f. Let x = 14 + t. What is the tens digit of x?
7
Suppose -9*y + 8*y = -3*n - 9222, -5*y + 46054 = -n. What is the units digit of y?
0
Let q(s) = -s**3 + s**2 - s + 29. Let y be q(0). Let i = 37 - y. Suppose -228 - i = -4*j. What is the units digit of j?
9
Let q(y) = -y**3 + 82*y**2 - 329*y - 253. What is the thousands digit of q(41)?
5
What is the thousands digit of (21527/(-836))/(1/(-72))?
1
Let t = 3482 - -4839. What is the units digit of t?
1
Let u = 33352 - 16641. What is the tens digit of u?
1
Let u = -116 + 120. Suppose 38 = u*o - 6. Suppose -740 = -15*b + o*b. What is the tens digit of b?
8
Suppose 0 = -j - 2*j + 9. Suppose 0 = 8*m - j*m + 45. What is the units digit of m/(-1) - (2 - -1)/(-3)?
0
Let l = 641 + 278. Suppose -l = -d - 251. What is the tens digit of d?
6
Let n(c) = -c**3 + 15*c**2 + 4*c - 18. Let i be n(-15). Suppose -i = 30*k - 38*k. What is the tens digit of k?
3
Suppose -660570 = 685*a - 4488350. What is the hundreds digit of a?
5
Let g(x) = 65*x**2 - 14*x - 28. Let c be g(-2). Suppose s + c + 968 = 3*y, y - 404 = -5*s. What is the hundreds digit of y?
4
Suppose 356 = -6*m + 4*m - 4*a, m - 4*a + 154 = 0. Let y = m + 260. What is the units digit of y?
0
Suppose -9*m = -33994 + 11926. Suppose 5*h - 1615 = 4*a + 828, -a = -5*h + m. What is the hundreds digit of h?
4
Let f(p) be the first derivative of p**4/4 + 5*p**3/3 - 11*p**2/2 + 20*p + 4. Let q = -45 - -50. What is the tens digit of f(q)?
1
Let l be ((-2)/(-4))/(4*1/192). Suppose -1565 = -l*p + 19*p. What is the units digit of p?
3
Let s(z) = 2*z**2 + 13*z + 163. Let b be s(-20). Let g = 1729 - b. What is the thousands digit of g?
1
Let v(d) = 57*d**2 - 4*d - 4. Let j be v(-1). Suppose -j*n + 1184 = -53*n. What is the units digit of n?
6
Suppose -5*j + 17 = 2. Suppose k + 13 = -2*b + 14, b - 4 = -4*k. Suppose 4*n - 516 = -3*a, j*a + b*a = n - 114. What is the units digit of n?
6
Let f(v) = v**3 + 32*v**2 + 16*v + 24. Let l be f(-36). What is the units digit of l/(-16)*(-10)/(-15)?
9
Suppos